{"id":241,"date":"2024-10-28T09:51:39","date_gmt":"2024-10-28T12:51:39","guid":{"rendered":"https:\/\/pazzipergelato.com.br\/sejafranqueado\/?page_id=241"},"modified":"2024-12-16T12:38:33","modified_gmt":"2024-12-16T15:38:33","slug":"landing-page","status":"publish","type":"page","link":"https:\/\/pazzipergelato.com.br\/sejafranqueado\/","title":{"rendered":"Landing Page"},"content":{"rendered":"","protected":false},"excerpt":{"rendered":"","protected":false},"author":1,"featured_media":0,"parent":0,"menu_order":0,"comment_status":"closed","ping_status":"closed","template":"","meta":{"_acf_changed":false,"footnotes":""},"class_list":["post-241","page","type-page","status-publish","hentry"],"acf":[],"yoast_head":"<!-- This site is optimized with the Yoast SEO plugin v27.5 - https:\/\/yoast.com\/product\/yoast-seo-wordpress\/ -->\n<title>Franquia Pazzi Per Gelato<\/title>\n<meta name=\"description\" content=\"Os gelatos da Pazzi Per Gelato s\u00e3o cuidadosamente preparados todos os dias, com uma sele\u00e7\u00e3o de ingredientes frescos e de alta qualidade.\" \/>\n<meta name=\"robots\" content=\"index, follow, max-snippet:-1, max-image-preview:large, max-video-preview:-1\" \/>\n<link rel=\"canonical\" href=\"https:\/\/pazzipergelato.com.br\/sejafranqueado\/\" \/>\n<meta property=\"og:locale\" content=\"pt_BR\" \/>\n<meta property=\"og:type\" content=\"article\" \/>\n<meta property=\"og:title\" content=\"Pazzi Per Gelato\" \/>\n<meta property=\"og:description\" content=\"Os gelatos da Pazzi Per Gelato s\u00e3o cuidadosamente preparados todos os dias, com uma sele\u00e7\u00e3o de ingredientes frescos e de alta qualidade.\" \/>\n<meta property=\"og:url\" content=\"https:\/\/pazzipergelato.com.br\/sejafranqueado\/\" \/>\n<meta property=\"og:site_name\" content=\"Franquia Pazzi Per Gelato\" \/>\n<meta property=\"article:modified_time\" content=\"2024-12-16T15:38:33+00:00\" \/>\n<meta property=\"og:image\" content=\"https:\/\/pazzipergelato.com.br\/sejafranqueado\/wp-content\/uploads\/2024\/04\/Grupo-de-mascara-21.jpg\" \/>\n\t<meta property=\"og:image:width\" content=\"1213\" \/>\n\t<meta property=\"og:image:height\" content=\"1333\" \/>\n\t<meta property=\"og:image:type\" content=\"image\/jpeg\" \/>\n<meta name=\"twitter:card\" content=\"summary_large_image\" \/>\n<meta name=\"twitter:title\" content=\"Pazzi Per Gelato\" \/>\n<meta name=\"twitter:description\" content=\"Os gelatos da Pazzi Per Gelato s\u00e3o cuidadosamente preparados todos os dias, com uma sele\u00e7\u00e3o de ingredientes frescos e de alta qualidade.\" \/>\n<meta name=\"twitter:image\" content=\"https:\/\/pazzipergelato.com.br\/sejafranqueado\/wp-content\/uploads\/2024\/04\/Grupo-de-mascara-21.jpg\" \/>\n<meta name=\"twitter:label1\" content=\"Est. tempo de leitura\" \/>\n\t<meta name=\"twitter:data1\" content=\"12 minutos\" \/>\n<script type=\"application\/ld+json\" class=\"yoast-schema-graph\">{\"@context\":\"https:\\\/\\\/schema.org\",\"@graph\":[{\"@type\":\"WebPage\",\"@id\":\"https:\\\/\\\/pazzipergelato.com.br\\\/sejafranqueado\\\/\",\"url\":\"https:\\\/\\\/pazzipergelato.com.br\\\/sejafranqueado\\\/\",\"name\":\"Franquia Pazzi Per Gelato\",\"isPartOf\":{\"@id\":\"https:\\\/\\\/pazzipergelato.com.br\\\/sejafranqueado\\\/#website\"},\"datePublished\":\"2024-10-28T12:51:39+00:00\",\"dateModified\":\"2024-12-16T15:38:33+00:00\",\"description\":\"Os gelatos da Pazzi Per Gelato s\u00e3o cuidadosamente preparados todos os dias, com uma sele\u00e7\u00e3o de ingredientes frescos e de alta qualidade.\",\"breadcrumb\":{\"@id\":\"https:\\\/\\\/pazzipergelato.com.br\\\/sejafranqueado\\\/#breadcrumb\"},\"inLanguage\":\"pt-BR\",\"potentialAction\":[{\"@type\":\"ReadAction\",\"target\":[\"https:\\\/\\\/pazzipergelato.com.br\\\/sejafranqueado\\\/\"]}]},{\"@type\":\"BreadcrumbList\",\"@id\":\"https:\\\/\\\/pazzipergelato.com.br\\\/sejafranqueado\\\/#breadcrumb\",\"itemListElement\":[{\"@type\":\"ListItem\",\"position\":1,\"name\":\"In\u00edcio\",\"item\":\"https:\\\/\\\/pazzipergelato.com.br\\\/sejafranqueado\\\/\"},{\"@type\":\"ListItem\",\"position\":2,\"name\":\"Landing Page\"}]},{\"@type\":\"WebSite\",\"@id\":\"https:\\\/\\\/pazzipergelato.com.br\\\/sejafranqueado\\\/#website\",\"url\":\"https:\\\/\\\/pazzipergelato.com.br\\\/sejafranqueado\\\/\",\"name\":\"Franquia Pazzi Per Gelato\",\"description\":\"O sucesso do interior de S\u00e3o Paulo expandindo para todo o Brasil!\",\"potentialAction\":[{\"@type\":\"SearchAction\",\"target\":{\"@type\":\"EntryPoint\",\"urlTemplate\":\"https:\\\/\\\/pazzipergelato.com.br\\\/sejafranqueado\\\/?s={search_term_string}\"},\"query-input\":{\"@type\":\"PropertyValueSpecification\",\"valueRequired\":true,\"valueName\":\"search_term_string\"}}],\"inLanguage\":\"pt-BR\"}]}<\/script>\n<!-- \/ Yoast SEO plugin. -->","yoast_head_json":{"title":"Franquia Pazzi Per Gelato","description":"Os gelatos da Pazzi Per Gelato s\u00e3o cuidadosamente preparados todos os dias, com uma sele\u00e7\u00e3o de ingredientes frescos e de alta qualidade.","robots":{"index":"index","follow":"follow","max-snippet":"max-snippet:-1","max-image-preview":"max-image-preview:large","max-video-preview":"max-video-preview:-1"},"canonical":"https:\/\/pazzipergelato.com.br\/sejafranqueado\/","og_locale":"pt_BR","og_type":"article","og_title":"Pazzi Per Gelato","og_description":"Os gelatos da Pazzi Per Gelato s\u00e3o cuidadosamente preparados todos os dias, com uma sele\u00e7\u00e3o de ingredientes frescos e de alta qualidade.","og_url":"https:\/\/pazzipergelato.com.br\/sejafranqueado\/","og_site_name":"Franquia Pazzi Per Gelato","article_modified_time":"2024-12-16T15:38:33+00:00","og_image":[{"width":1213,"height":1333,"url":"https:\/\/pazzipergelato.com.br\/sejafranqueado\/wp-content\/uploads\/2024\/04\/Grupo-de-mascara-21.jpg","type":"image\/jpeg"}],"twitter_card":"summary_large_image","twitter_title":"Pazzi Per Gelato","twitter_description":"Os gelatos da Pazzi Per Gelato s\u00e3o cuidadosamente preparados todos os dias, com uma sele\u00e7\u00e3o de ingredientes frescos e de alta qualidade.","twitter_image":"https:\/\/pazzipergelato.com.br\/sejafranqueado\/wp-content\/uploads\/2024\/04\/Grupo-de-mascara-21.jpg","twitter_misc":{"Est. tempo de leitura":"12 minutos"},"schema":{"@context":"https:\/\/schema.org","@graph":[{"@type":"WebPage","@id":"https:\/\/pazzipergelato.com.br\/sejafranqueado\/","url":"https:\/\/pazzipergelato.com.br\/sejafranqueado\/","name":"Franquia Pazzi Per Gelato","isPartOf":{"@id":"https:\/\/pazzipergelato.com.br\/sejafranqueado\/#website"},"datePublished":"2024-10-28T12:51:39+00:00","dateModified":"2024-12-16T15:38:33+00:00","description":"Os gelatos da Pazzi Per Gelato s\u00e3o cuidadosamente preparados todos os dias, com uma sele\u00e7\u00e3o de ingredientes frescos e de alta qualidade.","breadcrumb":{"@id":"https:\/\/pazzipergelato.com.br\/sejafranqueado\/#breadcrumb"},"inLanguage":"pt-BR","potentialAction":[{"@type":"ReadAction","target":["https:\/\/pazzipergelato.com.br\/sejafranqueado\/"]}]},{"@type":"BreadcrumbList","@id":"https:\/\/pazzipergelato.com.br\/sejafranqueado\/#breadcrumb","itemListElement":[{"@type":"ListItem","position":1,"name":"In\u00edcio","item":"https:\/\/pazzipergelato.com.br\/sejafranqueado\/"},{"@type":"ListItem","position":2,"name":"Landing Page"}]},{"@type":"WebSite","@id":"https:\/\/pazzipergelato.com.br\/sejafranqueado\/#website","url":"https:\/\/pazzipergelato.com.br\/sejafranqueado\/","name":"Franquia Pazzi Per Gelato","description":"O sucesso do interior de S\u00e3o Paulo expandindo para todo o Brasil!","potentialAction":[{"@type":"SearchAction","target":{"@type":"EntryPoint","urlTemplate":"https:\/\/pazzipergelato.com.br\/sejafranqueado\/?s={search_term_string}"},"query-input":{"@type":"PropertyValueSpecification","valueRequired":true,"valueName":"search_term_string"}}],"inLanguage":"pt-BR"}]}},"_links":{"self":[{"href":"https:\/\/pazzipergelato.com.br\/sejafranqueado\/wp-json\/wp\/v2\/pages\/241","targetHints":{"allow":["GET"]}}],"collection":[{"href":"https:\/\/pazzipergelato.com.br\/sejafranqueado\/wp-json\/wp\/v2\/pages"}],"about":[{"href":"https:\/\/pazzipergelato.com.br\/sejafranqueado\/wp-json\/wp\/v2\/types\/page"}],"author":[{"embeddable":true,"href":"https:\/\/pazzipergelato.com.br\/sejafranqueado\/wp-json\/wp\/v2\/users\/1"}],"replies":[{"embeddable":true,"href":"https:\/\/pazzipergelato.com.br\/sejafranqueado\/wp-json\/wp\/v2\/comments?post=241"}],"version-history":[{"count":3,"href":"https:\/\/pazzipergelato.com.br\/sejafranqueado\/wp-json\/wp\/v2\/pages\/241\/revisions"}],"predecessor-version":[{"id":259,"href":"https:\/\/pazzipergelato.com.br\/sejafranqueado\/wp-json\/wp\/v2\/pages\/241\/revisions\/259"}],"wp:attachment":[{"href":"https:\/\/pazzipergelato.com.br\/sejafranqueado\/wp-json\/wp\/v2\/media?parent=241"}],"curies":[{"name":"wp","href":"https:\/\/api.w.org\/{rel}","templated":true}]}}